4?
-1103200233
Convert -1110001010100111000110 (base 2) to base 3.
-20222122221020
-3300051 (base 6) to base 10
-163327
-5790e (base 16) to base 15
-71415
What is -6381517 (base 9) in base 16?
-342d27
What is -45343142 (base 6) in base 13?
-3951c8
Convert -2c056b (base 15) to base 12.
-867218
Convert -2b00a9 (base 13) to base 11.
-662075
-101410212 (base 7) to base 3
-102012101212100
Convert 10003333 (base 8) to base 13.
586475
-11a4836 (base 11) to base 13
-58024a
Convert -10101101010110111100 (base 2) to base 9.
-1302033
-254451 (base 13) to base 14
-1941cd
Convert 588221 (base 12) to base 13.
3ab319
What is -100307a (base 11) in base 14?
-343157
What is -16103536 (base 7) in base 10?
-1547545
Convert -4001613 (base 9) to base 8.
-10072217
What is -206533 (base 8) in base 3?
-10111120220
Convert 356047 (base 8) to base 10.
121895
What is 4130410322 (base 5) in base 8?
40171230
-c8f708 (base 16) to base 8
-62173410
What is -381246 (base 9) in base 2?
-111000010010101000
-2131433010 (base 5) to base 9
-8522337
Convert 101010000101111111001 (base 2) to base 6.
45321425
Convert 343200423 (base 6) to base 10.
6314271
What is 632682 (base 9) in base 16?
5bcbb
What is 1101010000000010101 (base 2) in base 3?
211001121101
-6a6124 (base 11) to base 7
-12345532
19176 (base 14) to base 16
f7b4
201112201220200 (base 3) to base 9
21481820
Convert 25444112 (base 6) to base 15.
116068
1141223300 (base 6) to base 9
26315830
What is -14141062 (base 7) in base 16?
-1427e9
What is 15a991 (base 15) in base 4?
3333331123
-62412501 (base 7) to base 16
-50108d
Convert 1000001111101100001 (base 2) to base 16.
41f61
Convert 12442404 (base 6) to base 5.
101110431
b2a2ba (base 12) to base 5
1203440314
What is 10205023 (base 7) in base 11?
537329
-3120716 (base 8) to base 5
-202442404
What is 3610207 (base 8) in base 6?
33054411
What is -513131 (base 8) in base 6?
-3345001
What is 1100010111110011100011 (base 2) in base 15?
440e5a
What is -34615646 (base 8) in base 12?
-26396b2
11101001111010100010 (base 2) to base 16
e9ea2
Convert -102211220110 (base 3) to base 12.
-b2b63
Convert -2100035 (base 6) to base 12.
-4a61b
Convert 104b2 (base 15) to base 9.
77815
What is -10031344301 (base 5) in base 13?
-2101596
c79ff3 (base 16) to base 14
1a47a03
What is 1531134 (base 6) in base 4?
111321202
What is 18344 (base 13) in base 9?
71048
Convert 3152442 (base 6) to base 7.
1213250
What is 13fbc (base 16) in base 13?
2b344
-55a79b (base 14) to base 13
-7ab7a8
-1111020 (base 4) to base 13
-2631
-cc53e (base 15) to base 6
-21525252
Convert 21110020102110 (base 3) to base 4.
33013002012
-b66276 (base 14) to base 7
-103250306
-2055534 (base 6) to base 9
-163574
Convert -47025 (base 8) to base 14.
-73db
-1920012 (base 10) to base 16
-1d4c0c
What is 48642a (base 11) in base 14?
1607a2
Convert -14655137 (base 8) to base 6.
-200044515
Convert 2f4ceb (base 16) to base 4.
23310303223
Convert -250445056 (base 7) to base 15.
-15a97da
-1ee88 (base 15) to base 5
-11214103
Convert -6b41b4 (base 13) to base 12.
-a30361
What is 895955 (base 10) in base 13?
254a68
Convert -dcc9 (base 16) to base 4.
-31303021
-1000000010111111011 (base 2) to base 14
-6c13d
2421021 (base 5) to base 13
17710
-1030102 (base 5) to base 9
-26034
What is -100000010001101010 (base 2) in base 11?
-90364
Convert -59b813 (base 13) to base 15.
-2c3bd4
1b0217 (base 15) to base 4
11001131302
22a83 (base 16) to base 14
39a39
-9cb5a (base 16) to base 15
-ca2c2
What is 1ced0 (base 16) in base 7?
1002265
What is 431010211 (base 5) in base 4?
12322222331
-2542531 (base 7) to base 10
-329890
Convert 13220212122 (base 5) to base 6.
1351051222
Convert 120020010201 (base 3) to base 10.
299719
Convert 1210200221020 (base 3) to base 13.
277416
What is -21000006 (base 8) in base 13?
-c00572
Convert 29104 (base 11) to base 13.
15ab7
What is -160766 (base 8) in base 4?
-32013312
What is -79bdd (base 16) in base 15?
-9cb38
309a15 (base 11) to base 2
1111001001011100110
1939a (base 13) to base 15
e798
Convert 17580055 (base 9) to base 6.
513412035
What is -8850 (base 9) in base 15?
-1e00
Convert 1872861 (base 10) to base 7.
21630144
2367878 (base 9) to base 3
2102021222122
Convert 22271487 (base 9) to base 10.
10793977
201011121201 (base 3) to base 13
1029a6
Convert 21325464 (base 9) to base 16.
9d09db
What is -1359a8 (base 11) in base 3?
-101210221211
What is -363423 (base 8) in base 13?
-449a8
What is -1110203021 (base 4) in base 14?
-902c9
What is -2325111 (base 6) in base 4?
-131120203
30a5a3 (base 12) to base 8
2725313
Convert -100101222112 (base 3) to base 9.
-311875
Convert 452221 (base 14) to base 3.
11102100121120
-49621 (base 12) to base 3
-12001022221
26430353 (base 7) to base 10
2427596
What is 244152133 (base 6) in base 12?
1698649
What is 418508 (base 11) in base 10?
670106
What is 10011000010011011000 (base 2) in base 9?
1150656
What is 21871225 (base 9) in base 12?
367ba58
-10023023 (base 7) to base 10
-829391
-2520100 (base 7) to base 15
-660c4
Convert 773227 (base 11) to base 6.
42241244
13303404 (base 5) to base 9
224877
What is 33042 (base 5) in base 7?
6424
Convert -104432133 (base 5) to base 6.
-14005413
115004 (base 11) to base 3
100021010202
What is -43439 (base 10) in base 12?
-2117b
Convert -101404212 (base 5) to base 10.
-419307
Convert -12101003013 (base 4) to base 16.
-1910c7
-22111101012121 (base 3) to base 14
-8574d2
Convert 2edc58 (base 15) to base 6.
120424302
Convert 1327d0 (base 16) to base 11.
788201
-4b4aa (base 13) to base 14
-38a4b
Convert -67b4a (base 12) to base 10.
-138154
Convert 10111000101110011001 (base 2) to base 14.
159a53
Convert 100100011011010111011 (base 2) to base 10.
1193659
203104530 (base 6) to base 3
20121020010100
-536248 (base 9) to base 16
-4e014
Convert 1002241 (base 7) to base 6.
2312234
What is 101100111000010110 (base 2) in base 5?
21340310
-1040a79 (base 11) to base 13
-4c17a7
15333013 (base 6) to base 8
2040641
Convert 2554360 (base 7) to base 13.
b86a8
Convert 1120344242 (base 5) to base 13.
69c772
48eb14 (base 15) to base 16
354994
What is 546957 (base 13) in base 12?
7b9010
What is 166263 (base 8) in base 10?
60595
Convert -1140124 (base 6) to base 14.
-17a60
-21112123 (base 5) to base 3
-22221022022
Convert 28e796 (base 15) to base 10.
1972716
Convert 2373761 (base 8) to base 14.
130121
-230332012 (base 4) to base 14
-4b1b0
What is -864c19 (base 14) in base 4?
-101111332013
Convert -101111011011010010 (base 2) to base 10.
-194258
898063 (base 11) to base 10
1430894
-103321226 (base 7) to base 6
-340152412
What is 3130328 (base 9) in base 2?
110011000100001101100
109b58 (base 14) to base 8
2117022
110111101111101 (base 2) to base 4
12331331
Convert -c37d2 (base 14) to base 9.
-786708
What is -10503125 (base 6) in base 15?
-64a12
What is 1255435 (base 6) in base 12?
3457b
5076867 (base 9) to base 14
506d5d
What is -231b9 (base 15) in base 13?
-3bb50
What is 7077301 (base 8) in base 14?
3687bb
Convert 12096 (base 11) to base 10.
17408
What is a37b35 (base 14) in base 11?
3127475
1340113033 (base 5) to base 4
31020033223
What is 11010010101011101100000 (base 2) in base 14?
cb9c9a
32301113 (base 5) to base 3
111222110001
Convert 2356334 (base 8) to base 6.
21504232
Convert 217314 (base 9) to base 8.
375742
What is -8a99a (base 14) in base 8?
-1221434
-10111101100001110 (base 2) to base 10
-97038
Convert -131101 (base 7) to base 3.
-1020110211
26732 (base 15) to base 14
32c26
Convert -1101101000001011 (base 2) to base 10.
-55819
-40a3315 (base 12) to base 10
-12156929
-142230 (base 6) to base 16
-34aa
What is 12213023331 (base 4) in base 9?
3231660
-93616 (base 13) to base 2
-1000000100111100001
14331755 (base 9) to base 13
161aa94
What is 110111100000000101 (base 2) in base 10?
227333
-18953c (base 13) to base 14
-12217c
Convert -228333 (base 10) to base 13.
-7cc11
2301200122 (base 4) to base 16
b181a
What is -2599dd (base 14) in base 16?
-13c02f
d990b (base 14) to base 9
881330
Convert bb4cb7 (base 13) to base 16.
434810
What is -17472 (base 13) in base 14?
-12417
-173043 (base 11) to base 14
-6d72a
40522020 (base 6) to base 5
244133120
Convert -163307 (base 11) to base 4.
-331311030
Convert 6680666 (base 10) to base 16.
65f05a
Convert -4a731 (base 11) to base 12.
-3612b
Con